{"id":2,"date":"2009-11-05T13:31:56","date_gmt":"2009-11-05T12:31:56","guid":{"rendered":"http:\/\/atervinnarna.org\/wordpress\/?page_id=2"},"modified":"2009-11-10T08:01:24","modified_gmt":"2009-11-10T07:01:24","slug":"om","status":"publish","type":"page","link":"https:\/\/www.atervinnarna.org\/?page_id=2","title":{"rendered":"Om oss"},"content":{"rendered":"<p><strong>\u00c5ter Vinnarna<\/strong> \u00e4r en id\u00e9ell f\u00f6rening som syftar till att vinna m\u00e4nniskor \u00e5ter till arbete och ett stabilt dr\u00e4gligt liv.<\/p>\n<p><strong>\u00c5ter Vinnarna<\/strong> arbetar med metoden hj\u00e4lp till sj\u00e4lvhj\u00e4lp. Genom kamratst\u00f6d och arbetstr\u00e4ning i en drogfri milj\u00f6 f\u00e5r medarbetarna m\u00f6jlighet att v\u00e4xa, st\u00e4rka sj\u00e4lvf\u00f6rtroendet och successivt \u00f6ka m\u00f6jligheterna till egen f\u00f6rs\u00f6rjning. Medarbetarna deltar aktivt i planeringen av arbetet och ungef\u00e4r en g\u00e5ng i m\u00e5naden har vi arbetsplatstr\u00e4ffar. Medarbetarna g\u00e5r ocks\u00e5 p\u00e5 bio, teater och har gemensamma middagar. Pionj\u00e4ren och tillika projektledaren, som startade detta projekt en Maj dag 1996 \u00e4r Kjell Lundberg.<\/p>\n","protected":false},"excerpt":{"rendered":"<p>\u00c5ter Vinnarna \u00e4r en id\u00e9ell f\u00f6rening som syftar till att vinna m\u00e4nniskor \u00e5ter till arbete och ett stabilt dr\u00e4gligt liv. \u00c5ter Vinnarna arbetar med metoden hj\u00e4lp till sj\u00e4lvhj\u00e4lp. Genom kamratst\u00f6d &#8230;<\/p>\n","protected":false},"author":1,"featured_media":0,"parent":0,"menu_order":0,"comment_status":"open","ping_status":"open","template":"","meta":{"ngg_post_thumbnail":0,"footnotes":""},"class_list":["post-2","page","type-page","status-publish","hentry"],"_links":{"self":[{"href":"https:\/\/www.atervinnarna.org\/index.php?rest_route=\/wp\/v2\/pages\/2","targetHints":{"allow":["GET"]}}],"collection":[{"href":"https:\/\/www.atervinnarna.org\/index.php?rest_route=\/wp\/v2\/pages"}],"about":[{"href":"https:\/\/www.atervinnarna.org\/index.php?rest_route=\/wp\/v2\/types\/page"}],"author":[{"embeddable":true,"href":"https:\/\/www.atervinnarna.org\/index.php?rest_route=\/wp\/v2\/users\/1"}],"replies":[{"embeddable":true,"href":"https:\/\/www.atervinnarna.org\/index.php?rest_route=%2Fwp%2Fv2%2Fcomments&post=2"}],"version-history":[{"count":5,"href":"https:\/\/www.atervinnarna.org\/index.php?rest_route=\/wp\/v2\/pages\/2\/revisions"}],"predecessor-version":[{"id":10,"href":"https:\/\/www.atervinnarna.org\/index.php?rest_route=\/wp\/v2\/pages\/2\/revisions\/10"}],"wp:attachment":[{"href":"https:\/\/www.atervinnarna.org\/index.php?rest_route=%2Fwp%2Fv2%2Fmedia&parent=2"}],"curies":[{"name":"wp","href":"https:\/\/api.w.org\/{rel}","templated":true}]}}